ine p(y).
-8
Let l = -29 - -32. Let w(g) be the second derivative of -1/3*g**l + 0 + 1/2*g**2 - 2*g. Calculate w(-3).
7
Let l(i) = 3*i - 6. Let y(x) = x**3 + 19*x**2 + 15*x - 47. Let a be y(-18). Give l(a).
15
Let a(b) = 3*b**3 - 4*b**2 - 3*b + 6. Let c be a(3). Let o(d) = d**3 + 7*d - 6 + d + 15 + 49*d**2 - c*d**2. Calculate o(-6).
-3
Let a(z) be the first derivative of z**3/3 - z**2 - 5*z + 1. Let w = 68 + -44. Suppose 0 = -5*i + 4*n + w, 2*i = 2*n - 0*n + 10. Calculate a(i).
3
Suppose 3*d - b - 5 = 5, -b = 4. Let o(g) = -2*g. What is o(d)?
-4
Let z(h) be the second derivative of -1/3*h**3 + 2*h**2 + 0 + 2*h. Let m = -1420 - -1423. Give z(m).
-2
Suppose 87*q - 94*q + 63 = 0. Let t(h) = -h + 7. Determine t(q).
-2
Suppose -g = 9 - 2. Let l(a) = a**2 + 7*a - 4. Let t be l(g). Let i(o) = 10*o + 34. Let k(q) = 2*q + 7. Let v(u) = 3*i(u) - 14*k(u). Calculate v(t).
-4
Let h(f) = f**2 + 6*f + 3. Let d be h(0). Let k = -2 + 4. Let w(i) = d*i + k + 2 - 4*i. What is w(-5)?
9
Let r = 1231 - 1215. Let u(t) = t**2 - 17*t. Give u(r).
-16
Let y(n) = -n**2 - 14*n - 15. Let k(f) = -f**3 - 5*f**2 + 13*f + 30. Let t be k(-6). Give y(t).
9
Let q(j) = -3*j + 14. Let c be 5/((-50)/4) + 114/10. Give q(c).
-19
Let m(d) = -d**2 + 9*d - 10. Let n = 237 - 230. Determine m(n).
4
Let s(n) = n**2 + 65*n - 493. Let q be s(7). Let h(y) be the third derivative of -1/60*y**5 - q*y**2 + 0*y + 5/24*y**4 + y**3 + 0. Give h(5).
6
Suppose -10 = -25*f + 20*f. Let v(t) = -2*t**2 + t + 2. Determine v(f).
-4
Let l(i) = -2*i**3 - 5*i**2 - 15*i - 7. Let o(f) = -f**3 - 3*f**2 - 7*f - 3. Let c(d) = -3*l(d) + 7*o(d). Let k = -12 + 60. Let b = -53 + k. Give c(b).
-5
Let b = 78 - 76. Let o(g) = -3*g**b + 11 + 7*g + 4*g**2 - 1 - 2*g**2. Give o(7).
10
Let j(c) = -c**3 + 3*c**2 - 6. Let u(z) = 11*z**2 + 109*z - 8. Let t be u(-10). Determine j(t).
-2
Let r(q) = -2*q - 2. Let m(h) = 3*h**3 + h + 1. Suppose -3*n + 5*n + 2 = 0. Let j be m(n). What is r(j)?
4
Let y(p) = p**3 + p - 1. Let s(w) = 2*w**3 - 5*w**2 + 5*w + 4. Let g(o) = -s(o) + 3*y(o). Calculate g(-6).
-31
Let d(f) = -2*f**3 + 7*f**2 + 7*f - 10. Let a be d(4). Let m(p) = 2*p + 3*p + 2 + 6*p**a - 5*p**2 + 3*p. What is m(-7)?
-5
Let b(i) = -11*i**3 - 6*i**2 + 6*i - 20. Let h(a) = -7*a**3 - 4*a**2 + 4*a - 13. Let f(l) = 5*b(l) - 8*h(l). Calculate f(-3).
1
Let j be 0/((-2)/(3 - 5)). Let g(c) = 11 + 11*c**3 - 10*c**3 - c - c**2 + 1. Calculate g(j).
12
Let y(q) = 6*q + 16. Let j(p) = p + 2. Let m(u) = 14*j(u) - 2*y(u). Calculate m(-2).
-8
Let l(j) = 2*j**2 - j - 1. Let w(i) = -i**2. Let x(o) = -6*l(o) - 13*w(o). Let d be (-286)/(-6) - (-6)/(-9). Let t = -52 + d. Determine x(t).
1
Let i(h) = 21*h**2 - 26*h + 31. Let k(b) = 4*b**2 - 5*b + 6. Let u(g) = 2*i(g) - 11*k(g). Determine u(4).
-24
Let z be (-9)/(-3) + -4 + 3. Let k(l) = 0*l - z*l - 3*l + 6*l + 3. What is k(-6)?
-3
Let q be (36 + -22)*(-1)/(-2). Let j(z) = z**3 - 7*z**2 - z + 7. What is j(q)?
0
Let p(a) = a + 3. Let r be (66/4)/((-9)/12). Let b(h) = -13*h - 11. Let g be b(-2). Let k = g + r. Calculate p(k).
-4
Let b(n) = n**2 - 5*n + 7. Let f(z) = z**3 + 24*z**2 + 25*z + 54. Let r be f(-23). Determine b(r).
31
Let n = 533 + -538. Let x(q) = q**3 + 4*q**2 - 7*q - 4. Calculate x(n).
6
Let u(y) = 4*y**3 + 3*y**2 + y - 3. Let g(l) = -3*l**3 - 3*l**2 - 2*l + 3. Let t(r) = 5*g(r) + 4*u(r). What is t(4)?
-5
Suppose 2*d = -4*g + 98, 0*g - 50 = -2*g - 2*d. Suppose g = l + 3*l. Let m(o) be the second derivative of -2*o**3/3 + 7*o**2/2 - 2*o. Calculate m(l).
-17
Let y(i) be the third derivative of i**5/60 - i**4/24 + i**3/3 - 3*i**2. Let h be y(0). Let f(g) = 5*g**h - g**3 + 2*g**3 - 17 + 4*g + 16. Calculate f(-4).
-1
Let x(g) = 1 - 78*g + 77*g + 4. Suppose -2*m + 4*r - 14 = m, -22 = -m - 4*r. Suppose -2*d - a = -0*d - 15, m*d = 2*a. Give x(d).
0
Let z be (-128)/(-24) + -6 - (-10)/6. Let b(p) = -p + 301*p**2 + 0 - 303*p**2 + z. What is b(1)?
-2
Let w(j) be the second derivative of j**4/12 + j**3 - 17*j**2/2 - 54*j + 1. What is w(-7)?
-10
Let y(a) = a**3 - 4*a**2 + a + 1. Let q be ((-5)/(-6))/((-14)/(-84)). Let p(t) = -t**2 + 8*t - 7. Let o be p(q). Suppose 5*x - 23 + o = 0. Calculate y(x).
-5
Suppose -11 = -4*y + 1. Suppose 0*x + 6 = -x - y*p, 0 = 4*x + 5*p + 3. Let j(f) = f - 6. What is j(x)?
-3
Let t(a) = 2*a + 2. Let i be t(-5). Let u(h) = -h - 5. Let l be u(i). Let j(w) = w**3 - 3*w**2 + 3. Give j(l).
3
Let s(w) = 6*w. Let m(v) = -2*v**2 - 3*v. Let l be m(-2). Calculate s(l).
-12
Let p(n) = -13 - 17 + 49 + 2*n - 10 - 10. Calculate p(6).
11
Let x(p) = -p + 5*p**3 - 9*p**2 + 10*p**2 - 4*p**3. Suppose -4*r = -5*t + t - 32, -5*r - 4*t = -49. Let k = -8 + r. Determine x(k).
1
Let t(r) be the first derivative of -11*r**4/6 + r**3/3 - r**2/2 + 15*r + 20. Let z(a) be the first derivative of t(a). What is z(1)?
-21
Let o(m) = m**2 + m - 1. Suppose 3*v = 5*z, 5*z - 5*v = 4*z. Let c(r) = z*r**2 - r**2 - 5*r + r**3 + 2*r + 3. Let s be c(2). What is o(s)?
1
Let j(g) = g**2 - 52*g + 352. Let n be j(44). Let p(m) be the second derivative of 1/3*m**3 + m**2 - 5*m + n. Determine p(-4).
-6
Suppose 0*k + 20 = 4*k. Suppose 0 = i + 2*f - 10, -6*i - k*f = -i - 35. Let t(s) = -43*s + 14 - s**2 + 48*s - 16. Give t(i).
2
Let z(v) = 2*v**3 - 10*v**2 - 2*v + 17. Let p(t) = -t**3 + 4*t**2 + t - 8. Let g(i) = -7*p(i) - 3*z(i). What is g(-3)?
-1
Let q(i) be the first derivative of -i**4/4 + 2*i**3 - i**2/2 - 6*i + 2. Let r = 95 - 89. Give q(r).
-12
Let m(a) be the first derivative of a**4/4 - 7*a**3/3 - a**2/2 + a - 46. Let h(n) = -4*n - 1. Let w be h(-2). Determine m(w).
-6
Let y(n) = -n**3 + 16*n**2 + 38*n - 15. Let b(c) = -c**3 + 19*c**2 + 40*c - 15. Let p(w) = -3*b(w) + 4*y(w). What is p(10)?
5
Let w(t) = 3*t - 4. Let x be 3*(-4)/(-5 + 1). Calculate w(x).
5
Let t = -94 - -98. Let g(q) = 3*q + 18*q + t - 5 + q. Calculate g(-1).
-23
Let c = -35 - -38. Let n(v) = -5*v**3 + 2*v**c - 2*v**3 - v**3. What is n(1)?
-6
Let n(k) = -6*k + 5. Let a(x) = -x + 1. Let c(p) = 5*a(p) - n(p). Calculate c(6).
6
Let c(d) = -d**2 - 14*d + 6. Let q be 12/(-20) + 871/(-65). Calculate c(q).
6
Let t(o) = -o**2 + 11*o + 14. Let n be t(12). Suppose n*d - 16 = 3*p, 0*d + 22 = 5*d - 3*p. Let q(a) = -a**3 + 4 - d*a**2 + a**2 + 4*a - 11 - 3*a. What is q(0)?
-7
Let a(m) = -m**2 - 11*m. Let h be a(-10). Suppose -h = -5*w + 3*w. Let z(p) = -13*p**2 - w*p + 2*p**2 + 4*p + p**2. Calculate z(1).
-11
Let v(w) = 14*w**2 - 6 + 3*w + 5 - 16*w**2. Suppose -4*o + 4 = -4. What is v(o)?
-3
Let r(u) = u**3 - 5*u**2 + 2*u + 2. Let v = -135 - -138. Determine r(v).
-10
Let a(p) = -14*p - 9. Let x(f) = -5*f - 3. Let n(z) = -6*a(z) + 17*x(z). Let s be 32/6 - 13/39. Suppose -2*r - 12 = -s*r. Give n(r).
-1
Let n(c) = 7*c + 27. Suppose 0 = -3*k - 4*f - 27, -4*k - 4 = 2*f + 22. Give n(k).
-8
Let s(x) = x**2 + 4*x + 4. Suppose -4*i - 5*l = -i - 37, -2*l + 14 = i. Suppose -3 = i*f - 3*f. Calculate s(f).
1
Let o = 2457 - 2451. Let l(x) = 3*x - 7. Determine l(o).
11
Let n(u) be the third derivative of 0*u - 5/6*u**3 - 1/60*u**5 - 1/24*u**4 + 0 + 15*u**2. Determine n(0).
-5
Let o(d) be the second derivative of 7/6*d**3 + d**2 + 0 + 5/12*d**4 - 11*d - 1/20*d**5. Give o(6).
8
Let a(i) = 171 + 0*i + 7*i - 169 + 3*i**3 - 2*i**3 - 9*i**2. What is a(8)?
-6
Let l(k) be the third derivative of -7/60*k**5 + 5/6*k**3 - 1 + 0*k - 3*k**2 + 1/3*k**4 - 1/120*k**6. Calculate l(-8).
5
Let n be (-20)/15*(-4 + (-34)/(-4)). Let y(i) = i**3 + 6*i**2 + 3*i - 6. What is y(n)?
-24
Let g(p) be the third derivative of p**6/80 - 5*p**4/24 - 2*p**3/3 - 3*p**2 + 7. Let q(i) be the second derivative of g(i). What is q(1)?
9
Let f(v) = -35 + 44 - 16*v - 26. Let n(u) = -4*u - 4. Let b(r) = 6*f(r) - 26*n(r). Give b(-2).
-14
Let f(w) = w**3 + 5*w**2 - 7*w - 7. Suppose -7*k = -0*k + 154. Let q = k - -16. Give f(q).
-1
Let h = 124 - 124. Let l(b) = b**3 - b**2 - 2*b + 1. Let q be l(h). Let k(d) = 7*d**3 + 2*d - 1. Give k(q).
8
Let y(s) = s**2 - 4. Suppose -51*b = -2*b. Determine y(b).
-4
Let u(h) = -7 - 3*h + 2*h + 2. Let p(a) = -4*a + 6. Let y be p(4). Let g be ((-8)/y)/((-3)/15). Give u(g).
-1
Let h be 3/12 + (-19)/(-4). Let u(a) = 1. Let z(y) = y**2 - 7*y + 4. Let b(k) = -k**2 + 3*k + 1. Let c be b(3). Let r(t) = c*z(t) + 3*u(t). Determine r(h).
-3
Let x be (-1)/(28/8 + -3). Let z(l) = l**3 + 5*l**2 + l -